{"id":229,"date":"2022-04-06T08:46:17","date_gmt":"2022-04-06T08:46:17","guid":{"rendered":"https:\/\/magnesium.tn\/?page_id=229"},"modified":"2022-04-06T08:50:31","modified_gmt":"2022-04-06T08:50:31","slug":"indications","status":"publish","type":"page","link":"https:\/\/magnesium.tn\/index.php\/mangnesium-transcutane\/indications\/","title":{"rendered":"Indications"},"content":{"rendered":"<p>[vc_row][vc_column][vc_column_text]<\/p>\n<h3><strong><span style=\"color: #144f82;\">INDICATIONS<\/span><\/strong><\/h3>\n<p><span style=\"color: #144f82;\">&#8211; Crampes et spasmes musculaires<\/span><br \/>\n<span style=\"color: #144f82;\">&#8211; Douleurs musculaires, articulaires et tendineuses<\/span><br \/>\n<span style=\"color: #144f82;\">&#8211; Fourmillement <\/span><br \/>\n<span style=\"color: #144f82;\">&#8211; Stress et nervosit\u00e9<\/span><br \/>\n<span style=\"color: #144f82;\">&#8211; Trouble de sommeil<\/span><br \/>\n<span style=\"color: #144f82;\">&#8211; Fatigue et manque d\u2019\u00e9nergie<\/span><br \/>\n<span style=\"color: #144f82;\">&#8211; Baisse de m\u00e9moire et de concentration <\/span><br \/>\n<span style=\"color: #144f82;\">&#8211; Maux de t\u00eate et migraine<\/span><br \/>\n<span style=\"color: #144f82;\">&#8211; Soin cutan\u00e9 et capillaire <\/span><br \/>\n<span style=\"color: #144f82;\">&#8211; Activit\u00e9 sportive<\/span><br \/>\n<span style=\"color: #144f82;\">&#8211; Manifestations d\u2019anxi\u00e9t\u00e9 telles que spasmes digestifs ou palpitations<\/span><br \/>\n<span style=\"color: #144f82;\">&#8211; Fibromyalgie<\/span><\/p>\n<p><span style=\"color: #144f82;\">Pour les enfants &gt; 3 ans :<\/span><br \/>\n<span style=\"color: #144f82;\">\u2013 Hyperactivit\u00e9 \u2013 Nervosit\u00e9 \u2013 Insomnie<\/span>[\/vc_column_text][\/vc_column][\/vc_row]<\/p>\n","protected":false},"excerpt":{"rendered":"<p>[vc_row][vc_column][vc_column_text] INDICATIONS &#8211; Crampes et spasmes musculaires &#8211; Douleurs musculaires, articulaires et tendineuses &#8211; Fourmillement &#8211; Stress et nervosit\u00e9 &#8211; Trouble de sommeil &#8211; Fatigue et manque d\u2019\u00e9nergie &#8211; Baisse de m\u00e9moire et de concentration &#8211; Maux de t\u00eate et migraine &#8211; Soin cutan\u00e9 et capillaire &#8211; Activit\u00e9 sportive &#8211; Manifestations d\u2019anxi\u00e9t\u00e9 telles que spasmes [&hellip;]<\/p>\n","protected":false},"author":1,"featured_media":0,"parent":179,"menu_order":0,"comment_status":"closed","ping_status":"closed","template":"","meta":{"footnotes":""},"class_list":["post-229","page","type-page","status-publish","hentry"],"_links":{"self":[{"href":"https:\/\/magnesium.tn\/index.php\/wp-json\/wp\/v2\/pages\/229","targetHints":{"allow":["GET"]}}],"collection":[{"href":"https:\/\/magnesium.tn\/index.php\/wp-json\/wp\/v2\/pages"}],"about":[{"href":"https:\/\/magnesium.tn\/index.php\/wp-json\/wp\/v2\/types\/page"}],"author":[{"embeddable":true,"href":"https:\/\/magnesium.tn\/index.php\/wp-json\/wp\/v2\/users\/1"}],"replies":[{"embeddable":true,"href":"https:\/\/magnesium.tn\/index.php\/wp-json\/wp\/v2\/comments?post=229"}],"version-history":[{"count":3,"href":"https:\/\/magnesium.tn\/index.php\/wp-json\/wp\/v2\/pages\/229\/revisions"}],"predecessor-version":[{"id":233,"href":"https:\/\/magnesium.tn\/index.php\/wp-json\/wp\/v2\/pages\/229\/revisions\/233"}],"up":[{"embeddable":true,"href":"https:\/\/magnesium.tn\/index.php\/wp-json\/wp\/v2\/pages\/179"}],"wp:attachment":[{"href":"https:\/\/magnesium.tn\/index.php\/wp-json\/wp\/v2\/media?parent=229"}],"curies":[{"name":"wp","href":"https:\/\/api.w.org\/{rel}","templated":true}]}}